{"id":2,"date":"2022-02-13T13:58:43","date_gmt":"2022-02-13T10:58:43","guid":{"rendered":"http:\/\/www.bulutsulama.com\/?page_id=2"},"modified":"2022-03-01T00:06:44","modified_gmt":"2022-02-28T21:06:44","slug":"ornek-sayfa","status":"publish","type":"page","link":"http:\/\/www.bulutsulama.com\/?page_id=2","title":{"rendered":"\u00dcR\u00dcNLER"},"content":{"rendered":"<div data-colibri-id=\"2-c1\" class=\"style-210 style-local-2-c1 position-relative\">\n  <!---->\n  <div data-colibri-component=\"section\" data-colibri-id=\"2-c28\" id=\"custom\" class=\"h-section h-section-global-spacing d-flex align-items-lg-center align-items-md-center align-items-center style-226 style-local-2-c28 position-relative\">\n    <!---->\n    <!---->\n    <div class=\"h-section-grid-container h-section-boxed-container\">\n      <!---->\n      <div data-colibri-id=\"2-c29\" class=\"h-row-container gutters-row-lg-2 gutters-row-md-2 gutters-row-0 gutters-row-v-lg-2 gutters-row-v-md-2 gutters-row-v-2 style-227 style-local-2-c29 position-relative\">\n        <!---->\n        <div class=\"h-row justify-content-lg-center justify-content-md-center justify-content-center align-items-lg-stretch align-items-md-stretch align-items-stretch gutters-col-lg-2 gutters-col-md-2 gutters-col-0 gutters-col-v-lg-2 gutters-col-v-md-2 gutters-col-v-2\">\n          <!---->\n          <div class=\"h-column h-column-container d-flex h-col-lg-3 h-col-md-3 h-col-12 style-228-outer style-local-2-c30-outer\">\n            <div data-colibri-id=\"2-c30\" class=\"d-flex h-flex-basis h-column__inner h-px-lg-2 h-px-md-2 h-px-2 v-inner-lg-2 v-inner-md-2 v-inner-2 style-228 style-local-2-c30 position-relative\">\n              <!---->\n              <!---->\n              <div class=\"w-100 h-y-container h-column__content h-column__v-align flex-basis-100 align-self-lg-start align-self-md-start align-self-start\">\n                <!---->\n                <div data-colibri-id=\"2-c48\" class=\"d-block style-238 style-local-2-c48 position-relative h-element\">\n                  <!---->\n                  <div class=\"h-image__frame-container-outer\">\n                    <div class=\"h-image__frame-container\">\n                      <!---->\n                      <!---->\n                      <img loading=\"lazy\" decoding=\"async\" width=\"256\" height=\"290\" src=\"http:\/\/www.bulutsulama.com\/wp-content\/uploads\/2022\/02\/pc-rotors-preview-image.jpg\" class=\"wp-image-262 style-238-image style-local-2-c48-image\" alt=\"\" \/>\n                      <div class=\"h-image__frame h-hide-lg h-hide-md h-hide-sm style-238-frameImage style-local-2-c48-frameImage\"><\/div>\n                    <\/div>\n                    <div class=\"style-238-caption style-local-2-c48-caption\">\n                      ROTORLAR\n                    <\/div>\n                  <\/div>\n                <\/div>\n              <\/div>\n            <\/div>\n          <\/div>\n          <div class=\"h-column h-column-container d-flex h-col-lg-3 h-col-md-3 h-col-12 style-229-outer style-local-2-c31-outer\">\n            <div data-colibri-id=\"2-c31\" class=\"d-flex h-flex-basis h-column__inner h-px-lg-2 h-px-md-2 h-px-2 v-inner-lg-2 v-inner-md-2 v-inner-2 style-229 style-local-2-c31 position-relative\">\n              <!---->\n              <!---->\n              <div class=\"w-100 h-y-container h-column__content h-column__v-align flex-basis-100 align-self-lg-start align-self-md-start align-self-start\">\n                <!---->\n                <div data-colibri-id=\"2-c49\" class=\"d-block style-239 style-local-2-c49 position-relative h-element\">\n                  <!---->\n                  <div class=\"h-image__frame-container-outer\">\n                    <div class=\"h-image__frame-container\">\n                      <!---->\n                      <!---->\n                      <img loading=\"lazy\" decoding=\"async\" width=\"256\" height=\"290\" src=\"http:\/\/www.bulutsulama.com\/wp-content\/uploads\/2022\/02\/pc-mprotator-mpcorner_dsc_2827_rt.jpg\" class=\"wp-image-263 style-239-image style-local-2-c49-image\" alt=\"\" \/>\n                      <div class=\"h-image__frame h-hide-lg h-hide-md h-hide-sm style-239-frameImage style-local-2-c49-frameImage\"><\/div>\n                    <\/div>\n                    <div class=\"style-239-caption style-local-2-c49-caption\">\n                      MP ROTATOR\n                    <\/div>\n                  <\/div>\n                <\/div>\n              <\/div>\n            <\/div>\n          <\/div>\n          <div class=\"h-column h-column-container d-flex h-col-lg-3 h-col-md-3 h-col-12 style-230-outer style-local-2-c32-outer\">\n            <div data-colibri-id=\"2-c32\" class=\"d-flex h-flex-basis h-column__inner h-px-lg-2 h-px-md-2 h-px-2 v-inner-lg-2 v-inner-md-2 v-inner-2 style-230 style-local-2-c32 position-relative\">\n              <!---->\n              <!---->\n              <div class=\"w-100 h-y-container h-column__content h-column__v-align flex-basis-100 align-self-lg-start align-self-md-start align-self-start\">\n                <!---->\n                <div data-colibri-id=\"2-c51\" class=\"d-block style-241 style-local-2-c51 position-relative h-element\">\n                  <!---->\n                  <div class=\"h-image__frame-container-outer\">\n                    <div class=\"h-image__frame-container\">\n                      <!---->\n                      <!---->\n                      <img loading=\"lazy\" decoding=\"async\" width=\"256\" height=\"290\" src=\"http:\/\/www.bulutsulama.com\/wp-content\/uploads\/2022\/02\/pc-nozzles-hi_030714-114pro-6a_rt.jpg\" class=\"wp-image-264 style-241-image style-local-2-c51-image\" alt=\"\" \/>\n                      <div class=\"h-image__frame h-hide-lg h-hide-md h-hide-sm style-241-frameImage style-local-2-c51-frameImage\"><\/div>\n                    <\/div>\n                    <div class=\"style-241-caption style-local-2-c51-caption\">\n                      NOZULLAR\n                    <\/div>\n                  <\/div>\n                <\/div>\n              <\/div>\n            <\/div>\n          <\/div>\n          <div class=\"h-column h-column-container d-flex h-col-lg-3 h-col-md-3 h-col-12 style-240-outer style-local-2-c50-outer\">\n            <div data-colibri-id=\"2-c50\" class=\"d-flex h-flex-basis h-column__inner h-px-lg-2 h-px-md-2 h-px-2 v-inner-lg-2 v-inner-md-2 v-inner-2 style-240 style-local-2-c50 position-relative\">\n              <!---->\n              <!---->\n              <div class=\"w-100 h-y-container h-column__content h-column__v-align flex-basis-100 align-self-lg-start align-self-md-start align-self-start\">\n                <!---->\n                <div data-colibri-id=\"2-c52\" class=\"d-block style-242 style-local-2-c52 position-relative h-element\">\n                  <!---->\n                  <div class=\"h-image__frame-container-outer\">\n                    <div class=\"h-image__frame-container\">\n                      <!---->\n                      <!---->\n                      <img loading=\"lazy\" decoding=\"async\" width=\"256\" height=\"290\" src=\"http:\/\/www.bulutsulama.com\/wp-content\/uploads\/2022\/02\/pc-sprays-prs30_group_hsa_0046.jpg\" class=\"wp-image-265 style-242-image style-local-2-c52-image\" alt=\"\" \/>\n                      <div class=\"h-image__frame h-hide-lg h-hide-md h-hide-sm style-242-frameImage style-local-2-c52-frameImage\"><\/div>\n                    <\/div>\n                    <div class=\"style-242-caption style-local-2-c52-caption\">\n                      POP UP G\u00d6VDELER\n                    <\/div>\n                  <\/div>\n                <\/div>\n              <\/div>\n            <\/div>\n          <\/div>\n          <div class=\"h-column h-column-container d-flex h-col-lg-3 h-col-md-3 h-col-12 style-231-outer style-local-2-c33-outer\">\n            <div data-colibri-id=\"2-c33\" class=\"d-flex h-flex-basis h-column__inner h-px-lg-2 h-px-md-2 h-px-2 v-inner-lg-2 v-inner-md-2 v-inner-2 style-231 style-local-2-c33 position-relative\">\n              <!---->\n              <!---->\n              <div class=\"w-100 h-y-container h-column__content h-column__v-align flex-basis-100 align-self-lg-start align-self-md-start align-self-start\">\n                <!---->\n                <div data-colibri-id=\"2-c53\" class=\"d-block style-243 style-local-2-c53 position-relative h-element\">\n                  <!---->\n                  <div class=\"h-image__frame-container-outer\">\n                    <div class=\"h-image__frame-container\">\n                      <!---->\n                      <!---->\n                      <img loading=\"lazy\" decoding=\"async\" width=\"256\" height=\"290\" src=\"http:\/\/www.bulutsulama.com\/wp-content\/uploads\/2022\/02\/pc_hydrawise_0.jpg\" class=\"wp-image-272 style-243-image style-local-2-c53-image\" alt=\"\" \/>\n                      <div class=\"h-image__frame h-hide-lg h-hide-md h-hide-sm style-243-frameImage style-local-2-c53-frameImage\"><\/div>\n                    <\/div>\n                    <div class=\"style-243-caption style-local-2-c53-caption\">\n                      HYDRAW\u0130SE\n                    <\/div>\n                  <\/div>\n                <\/div>\n              <\/div>\n            <\/div>\n          <\/div>\n          <div class=\"h-column h-column-container d-flex h-col-lg-3 h-col-md-3 h-col-12 style-245-outer style-local-2-c55-outer\">\n            <div data-colibri-id=\"2-c55\" class=\"d-flex h-flex-basis h-column__inner h-px-lg-2 h-px-md-2 h-px-2 v-inner-lg-2 v-inner-md-2 v-inner-2 style-245 style-local-2-c55 position-relative\">\n              <!---->\n              <!---->\n              <div class=\"w-100 h-y-container h-column__content h-column__v-align flex-basis-100 align-self-lg-start align-self-md-start align-self-start\">\n                <!---->\n                <div data-colibri-id=\"2-c56\" class=\"d-block style-246 style-local-2-c56 position-relative h-element\">\n                  <!---->\n                  <div class=\"h-image__frame-container-outer\">\n                    <div class=\"h-image__frame-container\">\n                      <!---->\n                      <!---->\n                      <img loading=\"lazy\" decoding=\"async\" width=\"256\" height=\"290\" src=\"http:\/\/www.bulutsulama.com\/wp-content\/uploads\/2022\/02\/pc-controllers-dsc_0529_rt_cmyk.jpg\" class=\"wp-image-281 style-246-image style-local-2-c56-image\" alt=\"\" \/>\n                      <div class=\"h-image__frame h-hide-lg h-hide-md h-hide-sm style-246-frameImage style-local-2-c56-frameImage\"><\/div>\n                    <\/div>\n                    <div class=\"style-246-caption style-local-2-c56-caption\">\n                      KONTROL \u00dcN\u0130TELER\u0130\n                    <\/div>\n                  <\/div>\n                <\/div>\n              <\/div>\n            <\/div>\n          <\/div>\n          <div class=\"h-column h-column-container d-flex h-col-lg-3 h-col-md-3 h-col-12 style-247-outer style-local-2-c57-outer\">\n            <div data-colibri-id=\"2-c57\" class=\"d-flex h-flex-basis h-column__inner h-px-lg-2 h-px-md-2 h-px-2 v-inner-lg-2 v-inner-md-2 v-inner-2 style-247 style-local-2-c57 position-relative\">\n              <!---->\n              <!---->\n              <div class=\"w-100 h-y-container h-column__content h-column__v-align flex-basis-100 align-self-lg-start align-self-md-start align-self-start\">\n                <!---->\n                <div data-colibri-id=\"2-c58\" class=\"d-block style-248 style-local-2-c58 position-relative h-element\">\n                  <!---->\n                  <div class=\"h-image__frame-container-outer\">\n                    <div class=\"h-image__frame-container\">\n                      <!---->\n                      <!---->\n                      <img loading=\"lazy\" decoding=\"async\" width=\"256\" height=\"290\" src=\"http:\/\/www.bulutsulama.com\/wp-content\/uploads\/2022\/02\/pc-sensors-solar-sync.jpg\" class=\"wp-image-282 style-248-image style-local-2-c58-image\" alt=\"\" \/>\n                      <div class=\"h-image__frame h-hide-lg h-hide-md h-hide-sm style-248-frameImage style-local-2-c58-frameImage\"><\/div>\n                    <\/div>\n                    <div class=\"style-248-caption style-local-2-c58-caption\">\n                      SENS\u00d6RLER\n                    <\/div>\n                  <\/div>\n                <\/div>\n              <\/div>\n            <\/div>\n          <\/div>\n          <div class=\"h-column h-column-container d-flex h-col-lg-3 h-col-md-3 h-col-12 style-249-outer style-local-2-c59-outer\">\n            <div data-colibri-id=\"2-c59\" class=\"d-flex h-flex-basis h-column__inner h-px-lg-2 h-px-md-2 h-px-2 v-inner-lg-2 v-inner-md-2 v-inner-2 style-249 style-local-2-c59 position-relative\">\n              <!---->\n              <!---->\n              <div class=\"w-100 h-y-container h-column__content h-column__v-align flex-basis-100 align-self-lg-start align-self-md-start align-self-start\">\n                <!---->\n                <div data-colibri-id=\"2-c60\" class=\"d-block style-250 style-local-2-c60 position-relative h-element\">\n                  <!---->\n                  <div class=\"h-image__frame-container-outer\">\n                    <div class=\"h-image__frame-container\">\n                      <!---->\n                      <!---->\n                      <img loading=\"lazy\" decoding=\"async\" width=\"256\" height=\"290\" src=\"http:\/\/www.bulutsulama.com\/wp-content\/uploads\/2022\/02\/pc-remotes_roam_dsc_0121.jpg\" class=\"wp-image-283 style-250-image style-local-2-c60-image\" alt=\"\" \/>\n                      <div class=\"h-image__frame h-hide-lg h-hide-md h-hide-sm style-250-frameImage style-local-2-c60-frameImage\"><\/div>\n                    <\/div>\n                    <div class=\"style-250-caption style-local-2-c60-caption\">\n                      UZAKTAN KUMANDALAR\n                    <\/div>\n                  <\/div>\n                <\/div>\n              <\/div>\n            <\/div>\n          <\/div>\n          <div class=\"h-column h-column-container d-flex h-col-lg-3 h-col-md-3 h-col-12 style-251-outer style-local-2-c61-outer\">\n            <div data-colibri-id=\"2-c61\" class=\"d-flex h-flex-basis h-column__inner h-px-lg-2 h-px-md-2 h-px-2 v-inner-lg-2 v-inner-md-2 v-inner-2 style-251 style-local-2-c61 position-relative\">\n              <!---->\n              <!---->\n              <div class=\"w-100 h-y-container h-column__content h-column__v-align flex-basis-100 align-self-lg-start align-self-md-start align-self-start\">\n                <!---->\n                <div data-colibri-id=\"2-c62\" class=\"d-block style-252 style-local-2-c62 position-relative h-element\">\n                  <!---->\n                  <div class=\"h-image__frame-container-outer\">\n                    <div class=\"h-image__frame-container\">\n                      <!---->\n                      <!---->\n                      <img loading=\"lazy\" decoding=\"async\" width=\"256\" height=\"290\" src=\"http:\/\/www.bulutsulama.com\/wp-content\/uploads\/2022\/02\/pc-central-l-box_sat-v2.jpg\" class=\"wp-image-290 style-252-image style-local-2-c62-image\" alt=\"\" \/>\n                      <div class=\"h-image__frame h-hide-lg h-hide-md h-hide-sm style-252-frameImage style-local-2-c62-frameImage\"><\/div>\n                    <\/div>\n                    <div class=\"style-252-caption style-local-2-c62-caption\">\n                      MERKEZ\u0130 KONTROL\n                    <\/div>\n                  <\/div>\n                <\/div>\n              <\/div>\n            <\/div>\n          <\/div>\n          <div class=\"h-column h-column-container d-flex h-col-lg-3 h-col-md-3 h-col-12 style-253-outer style-local-2-c63-outer\">\n            <div data-colibri-id=\"2-c63\" class=\"d-flex h-flex-basis h-column__inner h-px-lg-2 h-px-md-2 h-px-2 v-inner-lg-2 v-inner-md-2 v-inner-2 style-253 style-local-2-c63 position-relative\">\n              <!---->\n              <!---->\n              <div class=\"w-100 h-y-container h-column__content h-column__v-align flex-basis-100 align-self-lg-start align-self-md-start align-self-start\">\n                <!---->\n                <div data-colibri-id=\"2-c64\" class=\"d-block style-254 style-local-2-c64 position-relative h-element\">\n                  <!---->\n                  <div class=\"h-image__frame-container-outer\">\n                    <div class=\"h-image__frame-container\">\n                      <!---->\n                      <!---->\n                      <img loading=\"lazy\" decoding=\"async\" width=\"256\" height=\"290\" src=\"http:\/\/www.bulutsulama.com\/wp-content\/uploads\/2022\/02\/pc-valves-pgv-100.jpg\" class=\"wp-image-298 style-254-image style-local-2-c64-image\" alt=\"\" \/>\n                      <div class=\"h-image__frame h-hide-lg h-hide-md h-hide-sm style-254-frameImage style-local-2-c64-frameImage\"><\/div>\n                    <\/div>\n                    <div class=\"style-254-caption style-local-2-c64-caption\">\n                      VANALAR\n                    <\/div>\n                  <\/div>\n                <\/div>\n              <\/div>\n            <\/div>\n          <\/div>\n          <div class=\"h-column h-column-container d-flex h-col-lg-3 h-col-md-3 h-col-12 style-258-outer style-local-2-c68-outer\">\n            <div data-colibri-id=\"2-c68\" class=\"d-flex h-flex-basis h-column__inner h-px-lg-2 h-px-md-2 h-px-2 v-inner-lg-2 v-inner-md-2 v-inner-2 style-258 style-local-2-c68 position-relative\">\n              <!---->\n              <!---->\n              <div class=\"w-100 h-y-container h-column__content h-column__v-align flex-basis-100 align-self-lg-start align-self-md-start align-self-start\">\n                <!---->\n                <div data-colibri-id=\"2-c69\" class=\"d-block style-259 style-local-2-c69 position-relative h-element\">\n                  <!---->\n                  <div class=\"h-image__frame-container-outer\">\n                    <div class=\"h-image__frame-container\">\n                      <!---->\n                      <!---->\n                      <img loading=\"lazy\" decoding=\"async\" width=\"256\" height=\"290\" src=\"http:\/\/www.bulutsulama.com\/wp-content\/uploads\/2022\/02\/pd-micro-spray-micro_dsc_2774.jpg\" class=\"wp-image-300 style-259-image style-local-2-c69-image\" alt=\"\" \/>\n                      <div class=\"h-image__frame h-hide-lg h-hide-md h-hide-sm style-259-frameImage style-local-2-c69-frameImage\"><\/div>\n                    <\/div>\n                    <div class=\"style-259-caption style-local-2-c69-caption\">\n                      M\u0130KRO SULAMA\n                    <\/div>\n                  <\/div>\n                <\/div>\n              <\/div>\n            <\/div>\n          <\/div>\n          <div class=\"h-column h-column-container d-flex h-col-lg-3 h-col-md-3 h-col-12 style-260-outer style-local-2-c70-outer\">\n            <div data-colibri-id=\"2-c70\" class=\"d-flex h-flex-basis h-column__inner h-px-lg-2 h-px-md-2 h-px-2 v-inner-lg-2 v-inner-md-2 v-inner-2 style-260 style-local-2-c70 position-relative\">\n              <!---->\n              <!---->\n              <div class=\"w-100 h-y-container h-column__content h-column__v-align flex-basis-100 align-self-lg-start align-self-md-start align-self-start\">\n                <!---->\n                <div data-colibri-id=\"2-c71\" class=\"d-block style-261 style-local-2-c71 position-relative h-element\">\n                  <!---->\n                  <div class=\"h-image__frame-container-outer\">\n                    <div class=\"h-image__frame-container\">\n                      <!---->\n                      <!---->\n                      <img loading=\"lazy\" decoding=\"async\" width=\"256\" height=\"290\" src=\"http:\/\/www.bulutsulama.com\/wp-content\/uploads\/2022\/02\/pc-stsystems-img_5165-v2.jpg\" class=\"wp-image-301 style-261-image style-local-2-c71-image\" alt=\"\" \/>\n                      <div class=\"h-image__frame h-hide-lg h-hide-md h-hide-sm style-261-frameImage style-local-2-c71-frameImage\"><\/div>\n                    <\/div>\n                    <div class=\"style-261-caption style-local-2-c71-caption\">\n                      ST S\u0130STEMLER\u0130\n                    <\/div>\n                  <\/div>\n                <\/div>\n              <\/div>\n            <\/div>\n          <\/div>\n        <\/div>\n      <\/div>\n      <div data-colibri-id=\"2-c65\" class=\"h-row-container gutters-row-lg-2 gutters-row-md-2 gutters-row-0 gutters-row-v-lg-2 gutters-row-v-md-2 gutters-row-v-2 style-255 style-local-2-c65 position-relative\">\n        <!---->\n        <div class=\"h-row justify-content-lg-center justify-content-md-center justify-content-center align-items-lg-stretch align-items-md-stretch align-items-stretch gutters-col-lg-2 gutters-col-md-2 gutters-col-0 gutters-col-v-lg-2 gutters-col-v-md-2 gutters-col-v-2\">\n          <!---->\n          <div class=\"h-column h-column-container d-flex h-col-lg-auto h-col-md-auto h-col-auto style-256-outer style-local-2-c66-outer\">\n            <div data-colibri-id=\"2-c66\" class=\"d-flex h-flex-basis h-column__inner h-px-lg-2 h-px-md-2 h-px-2 v-inner-lg-2 v-inner-md-2 v-inner-2 style-256 style-local-2-c66 position-relative\">\n              <!---->\n              <!---->\n              <div class=\"w-100 h-y-container h-column__content h-column__v-align flex-basis-100 align-self-lg-start align-self-md-start align-self-start\">\n                <!---->\n                <div data-colibri-id=\"2-c67\" class=\"d-block style-257 style-local-2-c67 position-relative h-element\">\n                  <!---->\n                  <div class=\"h-image__frame-container-outer\">\n                    <div class=\"h-image__frame-container\">\n                      <!---->\n                      <!---->\n                      <img loading=\"lazy\" decoding=\"async\" width=\"256\" height=\"290\" src=\"http:\/\/www.bulutsulama.com\/wp-content\/uploads\/2022\/03\/pc-accessories-hsj.jpg\" class=\"wp-image-302 style-257-image style-local-2-c67-image\" alt=\"\" \/>\n                      <div class=\"h-image__frame h-hide-lg h-hide-md h-hide-sm style-257-frameImage style-local-2-c67-frameImage\"><\/div>\n                    <\/div>\n                    <div class=\"style-257-caption style-local-2-c67-caption\">\n                      AKSESUARLAR\n                    <\/div>\n                  <\/div>\n                <\/div>\n              <\/div>\n            <\/div>\n          <\/div>\n          <div class=\"h-column h-column-container d-flex h-col-lg-auto h-col-md-auto h-col-auto style-262-outer style-local-2-c72-outer\">\n            <div data-colibri-id=\"2-c72\" class=\"d-flex h-flex-basis h-column__inner h-px-lg-2 h-px-md-2 h-px-2 v-inner-lg-2 v-inner-md-2 v-inner-2 style-262 style-local-2-c72 position-relative\">\n              <!---->\n              <!---->\n              <div class=\"w-100 h-y-container h-column__content h-column__v-align flex-basis-100 align-self-lg-start align-self-md-start align-self-start\">\n                <!---->\n                <div data-colibri-id=\"2-c74\" class=\"d-block style-264 style-local-2-c74 position-relative h-element\">\n                  <!---->\n                  <div class=\"h-image__frame-container-outer\">\n                    <div class=\"h-image__frame-container\">\n                      <!---->\n                      <!---->\n                      <img loading=\"lazy\" decoding=\"async\" width=\"256\" height=\"290\" src=\"http:\/\/www.bulutsulama.com\/wp-content\/uploads\/2022\/03\/pc-tools-micro_accessory_dsc_4461_rt.jpg\" class=\"wp-image-303 style-264-image style-local-2-c74-image\" alt=\"\" \/>\n                      <div class=\"h-image__frame h-hide-lg h-hide-md h-hide-sm style-264-frameImage style-local-2-c74-frameImage\"><\/div>\n                    <\/div>\n                    <div class=\"style-264-caption style-local-2-c74-caption\">\n                      ARA\u00c7LAR\n                    <\/div>\n                  <\/div>\n                <\/div>\n              <\/div>\n            <\/div>\n          <\/div>\n          <div class=\"h-column h-column-container d-flex h-col-lg-auto h-col-md-auto h-col-auto style-263-outer style-local-2-c73-outer\">\n            <div data-colibri-id=\"2-c73\" class=\"d-flex h-flex-basis h-column__inner h-px-lg-2 h-px-md-2 h-px-2 v-inner-lg-2 v-inner-md-2 v-inner-2 style-263 style-local-2-c73 position-relative\">\n              <!---->\n              <!---->\n              <div class=\"w-100 h-y-container h-column__content h-column__v-align flex-basis-100 align-self-lg-start align-self-md-start align-self-start\">\n                <!---->\n                <div data-colibri-id=\"2-c75\" class=\"d-block style-265 style-local-2-c75 position-relative h-element\">\n                  <!---->\n                  <div class=\"h-image__frame-container-outer\">\n                    <div class=\"h-image__frame-container\">\n                      <!---->\n                      <!---->\n                      <img loading=\"lazy\" decoding=\"async\" width=\"256\" height=\"290\" src=\"http:\/\/www.bulutsulama.com\/wp-content\/uploads\/2022\/03\/pc-discontinued-srv-100-soldier.jpg\" class=\"wp-image-304 style-265-image style-local-2-c75-image\" alt=\"\" \/>\n                      <div class=\"h-image__frame h-hide-lg h-hide-md h-hide-sm style-265-frameImage style-local-2-c75-frameImage\"><\/div>\n                    <\/div>\n                    <div class=\"style-265-caption style-local-2-c75-caption\">\n                      ARTIK \u00dcRET\u0130LMEYEN MODELLER\n                    <\/div>\n                  <\/div>\n                <\/div>\n              <\/div>\n            <\/div>\n          <\/div>\n        <\/div>\n      <\/div>\n    <\/div>\n  <\/div>\n<\/div>","protected":false},"excerpt":{"rendered":"<p>ROTORLAR MP ROTATOR NOZULLAR POP UP G\u00d6VDELER HYDRAW\u0130SE KONTROL \u00dcN\u0130TELER\u0130 SENS\u00d6RLER UZAKTAN KUMANDALAR MERKEZ\u0130 KONTROL VANALAR M\u0130KRO SULAMA ST S\u0130STEMLER\u0130 AKSESUARLAR ARA\u00c7LAR ARTIK \u00dcRET\u0130LMEYEN MODELLER<\/p>\n","protected":false},"author":1,"featured_media":0,"parent":0,"menu_order":0,"comment_status":"closed","ping_status":"closed","template":"page-templates\/full-width-page.php","meta":{"footnotes":""},"class_list":["post-2","page","type-page","status-publish","hentry"],"_links":{"self":[{"href":"http:\/\/www.bulutsulama.com\/index.php?rest_route=\/wp\/v2\/pages\/2","targetHints":{"allow":["GET"]}}],"collection":[{"href":"http:\/\/www.bulutsulama.com\/index.php?rest_route=\/wp\/v2\/pages"}],"about":[{"href":"http:\/\/www.bulutsulama.com\/index.php?rest_route=\/wp\/v2\/types\/page"}],"author":[{"embeddable":true,"href":"http:\/\/www.bulutsulama.com\/index.php?rest_route=\/wp\/v2\/users\/1"}],"replies":[{"embeddable":true,"href":"http:\/\/www.bulutsulama.com\/index.php?rest_route=%2Fwp%2Fv2%2Fcomments&post=2"}],"version-history":[{"count":13,"href":"http:\/\/www.bulutsulama.com\/index.php?rest_route=\/wp\/v2\/pages\/2\/revisions"}],"predecessor-version":[{"id":323,"href":"http:\/\/www.bulutsulama.com\/index.php?rest_route=\/wp\/v2\/pages\/2\/revisions\/323"}],"wp:attachment":[{"href":"http:\/\/www.bulutsulama.com\/index.php?rest_route=%2Fwp%2Fv2%2Fmedia&parent=2"}],"curies":[{"name":"wp","href":"https:\/\/api.w.org\/{rel}","templated":true}]}}